a(-8). Suppose 0 = -9*c + s + 745. Calculate the greatest common divisor of 13 and c.
13
Let j = -139 + 142. Suppose -2*l + 31 = j. Let u be (21/9)/(1/3). Calculate the highest common divisor of l and u.
7
Suppose 0 = 12*k - 8*k + 3*y - 420, -4*k - 2*y + 416 = 0. Suppose -14*r - k = -20*r. What is the greatest common factor of 17 and r?
17
Let q be ((-8)/(-6))/(-5 - (-34336)/6864). What is the greatest common factor of q and 1628?
44
Suppose -7*n - 9 = -10*n, 5*z + n = 113. Calculate the greatest common divisor of 3806 and z.
22
Let k = -1463 - -2261. Calculate the highest common factor of 190 and k.
38
Let k(f) = f**3 + 49*f**2 - 50*f + 231. Let y be k(-50). What is the greatest common factor of y and 1?
1
Let i(r) be the second derivative of -r + 0 + 1/2*r**2 + 1/3*r**3. Let j be i(5). Calculate the highest common divisor of 22 and j.
11
Let o(l) = 34*l + 101. Let n be o(-11). Let i = -119 - n. Calculate the highest common factor of i and 33.
11
Let g(c) = 214*c + 4. Let t be g(-2). Let b = t + 592. Calculate the greatest common divisor of b and 56.
56
Let c = -12693 + 12762. Calculate the greatest common factor of c and 10856.
23
Let h = -3649 - -4419. Calculate the highest common factor of 50 and h.
10
Let s(j) = -j**2 - 8*j - 1. Let x be s(-7). Let d be 3*1 - (-150)/x. Let z be (-4)/(-2 + 1)*1. What is the greatest common divisor of d and z?
4
Suppose -2*g + g + 25 = 4*g - 4*z, -z = 0. Suppose x = c + 30, -5*x - 3*c + 85 = -x. What is the highest common factor of x and g?
5
Let b = 31 - 28. Let v(i) = i + 2. Let q be v(b). Suppose -28*u + 463 = 183. What is the highest common divisor of u and q?
5
Let c be 8*(4 - (-235)/(-60))*3. What is the greatest common divisor of c and 346?
2
Let b(k) = k**2 - 4*k - 12. Let a be b(-5). Let d(g) = -126*g + 255. Let x be d(2). Calculate the greatest common divisor of a and x.
3
Suppose 0 = -f - 2, 2*g - 11*f = -15*f + 1216. What is the highest common divisor of g and 72?
36
Let v(t) = -1. Let x(y) = 27*y + 21. Let i(z) = -15*v(z) - x(z). Let q be i(-1). What is the highest common divisor of q and 189?
21
Let u be 744/(-15) + (-10)/25. Let y be (-41)/(-2) + (-5)/u*5. What is the highest common factor of 168 and y?
21
Suppose 4*q = -266 + 234. Let l(h) = -h**2 - 9*h + 40. Let w be l(q). What is the greatest common factor of 12 and w?
12
Suppose b - 60 = 2*i - 7*i, 2*i + 5*b = 47. Let w = -21472 - -21769. Calculate the highest common divisor of w and i.
11
Suppose 52*h = -2220 + 14440. Let w be 20/(-28) - (-4)/(-14). Let d be w/((2/(-2))/47). Calculate the greatest common factor of d and h.
47
Let k(s) = 8*s**2 - 12*s + 21. Let y be k(2). Suppose -27 = -d - 3*u, 4*d - 3*d + 5*u = y. What is the greatest common factor of d and 16?
8
Suppose 6786 = w + 4*w + 2*y, 4*w = -5*y + 5422. What is the highest common factor of w and 291?
97
Let y(k) = -k**2 - 14*k + 36. Let l be y(-16). Let j be 1/((-6)/9)*16/(-12). Suppose -j*v + 7 = -25. Calculate the highest common factor of l and v.
4
Let x(u) = -96*u + 1614. Let z be x(14). What is the highest common factor of 1170 and z?
90
Let g(p) = 10*p**3 + 2*p**2 - 20*p + 22. Let k be g(2). Calculate the highest common factor of k and 119.
7
Let z(f) = f**3 - 18*f**2 + 86*f + 105. Let i be z(15). Calculate the highest common divisor of i and 704.
16
Let g = -29469 - -30217. Calculate the highest common divisor of 1276 and g.
44
Suppose 3229 = 3*r - 4*l - 1805, -5*r = -l - 8407. Calculate the greatest common factor of 203 and r.
29
Suppose -18864 = -1053*w + 27468. Suppose -3*b + 32 = -b. What is the highest common divisor of b and w?
4
Let x(u) = -48*u**2 - u - 2. Let b be x(2). Let i = -70 - b. Calculate the highest common divisor of i and 210.
42
Suppose 6*l - 251 = 97. Let t = 63 - l. What is the highest common divisor of 265 and t?
5
Let w be -2 + -2 + (96 - -1)*7. Let s = w - 645. Calculate the greatest common factor of s and 60.
30
Let d = 220 + -216. Suppose 2*m - 2138 = -4*i, 8*m - d*m - 2668 = -5*i. Calculate the greatest common factor of 8 and i.
8
Suppose -o - 3 = 0, 14538 = 2*l - o - 14609. Calculate the highest common factor of 4 and l.
4
Let y = -60 + 62. Let z(f) = -4*f + f**y - 1 - 3*f + 43 - 2*f. Let t be z(14). Calculate the highest common divisor of t and 7.
7
Let h(o) = o - 3*o - 35 - 1. Let s be h(-18). Suppose -6*d + 140 - 14 = s. What is the highest common divisor of 9 and d?
3
Let t(z) = -1571*z + 718. Let x be t(-4). Calculate the greatest common divisor of x and 18.
18
Let z be (5 - 14/(-2))*(-45)/(-20). What is the highest common factor of z and 3051?
27
Let g(o) = -o**2 + 6*o - 3. Let u(y) = -y - 1. Let i(j) = -g(j) - 4*u(j). Let k be i(-5). Let z = 50 - k. What is the greatest common factor of 4 and z?
4
Let b be -2 + 3*(5 + -4) + 105. Suppose -b = -4*m + 5*w, 74*w - 18 = -m + 71*w. What is the highest common divisor of 174 and m?
6
Suppose -2*n - 10*v + 2705 = -9*v, -6759 = -5*n + v. Calculate the highest common divisor of 24 and n.
8
Let s = -190 + 220. Suppose 1936 = -s*t + 38*t. Calculate the greatest common divisor of 2 and t.
2
Suppose -72*v = 31*v + 11*v - 3990. Calculate the greatest common factor of 399 and v.
7
Suppose k + 3*x - 36 = 0, -3*k - x = 3*x - 108. Let p be 94/(-16) + 1*(-1)/8 - -132. What is the highest common divisor of p and k?
18
Let l = 5263 + -5238. What is the greatest common divisor of l and 1550?
25
Suppose 575 = 33*m - 118. Calculate the highest common factor of m and 44373.
21
Suppose -2*b - 4*d = -3*b - 108, 497 = -4*b + 3*d. Let w = 170 + b. Suppose 5*v = 2*s - 12, 3*s + 0*v = -3*v + 18. What is the highest common factor of s and w?
6
Suppose -33 = -5*k + 2*a + 28, -2*k + 7 = 5*a. What is the greatest common divisor of k and 319?
11
Suppose 8*d + 20268 = 4524. Let s be (-4)/(-10) - d/205. Let v = 2 + 13. Calculate the highest common factor of s and v.
5
Let w = 18 + -5. Suppose -7*v + w = -29. Calculate the greatest common divisor of 22 and v.
2
Let u(h) = -5*h**3 + 12*h**2 + 73*h + 37. Let s be u(-8). What is the highest common divisor of 27 and s?
27
Suppose 5*b + 1228 = -x, b - 4*x = -107 - 126. Let w = b + 377. Calculate the greatest common factor of 330 and w.
66
Let u(w) = 562*w - 3922. Let d be u(7). Let n be ((-13)/2)/((-3)/18). What is the highest common divisor of n and d?
3
Let n = -13720 + 14385. Calculate the greatest common factor of 55 and n.
5
Suppose 0 = 93*r - 75*r - 810. What is the highest common divisor of r and 25?
5
Let q(p) be the first derivative of -p**4/4 + 3*p**3 - 3*p**2 + 10*p - 16. Let g = -3 + 10. Let f be q(g). Calculate the greatest common divisor of 44 and f.
22
Let w(q) = 187*q**2 - 6*q - 21. Let p be w(-3). Calculate the highest common factor of p and 45.
15
Let j(z) = 4*z**2 + 3*z + 4. Let d = -166 + 165. Let t be j(d). What is the greatest common divisor of t and 45?
5
Let l(k) = -k**3 - 15*k**2 + k + 32. Suppose 0 = 7*h + 9*h + 240. Let u be l(h). What is the greatest common divisor of u and 2?
1
Let s be (-6)/(-2) + (0 - 1 - -193). Suppose -t = -s + 182. Calculate the greatest common divisor of t and 39.
13
Suppose -2*n - 3368 = -c - 0*n, -c = n - 3380. What is the greatest common divisor of 32 and c?
16
Suppose 0 = -11*i + 36*i - 11750. Let l = i - 466. Calculate the highest common divisor of 116 and l.
4
Let k = 3190 + -2702. Calculate the highest common divisor of k and 793.
61
Let u(m) = m**3 + 1. Let s(t) = -t**3 + t**2 + 2. Let n(f) = -s(f) + 3*u(f). Let g be n(1). Suppose 88 = g*y + 8. What is the highest common factor of y and 20?
20
Let t = 247 - 252. Let q = 53 + t. Calculate the greatest common divisor of q and 3.
3
Let i be ((-176)/(-32))/((-2)/36). Let o = 94 + i. Let z be (o/(10/151) + 4)*-2. What is the highest common divisor of z and 11?
11
Suppose 5*w + 861*r - 20 = 856*r, -4*r - 32 = -2*w. Let c = 21 - 13. What is the greatest common factor of w and c?
8
Let p(b) = -24*b + 192. Let o be p(7). Let g be 51969/221 - (o/(-39))/(-4). What is the greatest common divisor of g and 47?
47
Let q(n) = n**3 + 8*n**2 - 17*n + 14. Let b be q(-11). Let h = b - -179. Let m(t) = 6*t - 1. Let z be m(3). Calculate the highest common divisor of z and h.
17
Let l be (4 + -21 + -2)/((-1)/(-7)). Let w = 176 + l. What is the highest common divisor of w and 344?
43
Suppose